{"id":317,"date":"2020-07-12T10:44:03","date_gmt":"2020-07-12T10:44:03","guid":{"rendered":"http:\/\/www.glissando-musiklager.ch\/web\/?page_id=317"},"modified":"2022-09-13T21:00:55","modified_gmt":"2022-09-13T21:00:55","slug":"abschlusskonzert-2021","status":"publish","type":"page","link":"https:\/\/www.glissando-musiklager.ch\/web\/startseite\/musiklager-2022\/abschlusskonzert-2021\/","title":{"rendered":"Abschlusskonzert 2022"},"content":{"rendered":"\n<p>Herzlich willkommen zum abenteuerlichen Glissando-Abschlusskonzert!<\/p>\n\n\n\n<figure class=\"wp-block-image\"><img loading=\"lazy\" decoding=\"async\" width=\"724\" height=\"1024\" src=\"https:\/\/www.glissando-musiklager.ch\/web\/wp-content\/uploads\/2022\/09\/Glissando2022_Flyer-724x1024.jpg\" alt=\"Komm mit auf das Glissando-Adventure: \u00dcberwinde schwindelerregende H\u00f6hen am Abschlusskonzert 2022 in der Mischeli-Kirche in Reinach\" class=\"wp-image-449\" srcset=\"https:\/\/www.glissando-musiklager.ch\/web\/wp-content\/uploads\/2022\/09\/Glissando2022_Flyer-724x1024.jpg 724w, https:\/\/www.glissando-musiklager.ch\/web\/wp-content\/uploads\/2022\/09\/Glissando2022_Flyer-212x300.jpg 212w, https:\/\/www.glissando-musiklager.ch\/web\/wp-content\/uploads\/2022\/09\/Glissando2022_Flyer-768x1087.jpg 768w, https:\/\/www.glissando-musiklager.ch\/web\/wp-content\/uploads\/2022\/09\/Glissando2022_Flyer-1085x1536.jpg 1085w, https:\/\/www.glissando-musiklager.ch\/web\/wp-content\/uploads\/2022\/09\/Glissando2022_Flyer-676x957.jpg 676w, https:\/\/www.glissando-musiklager.ch\/web\/wp-content\/uploads\/2022\/09\/Glissando2022_Flyer.jpg 1113w\" sizes=\"auto, (max-width: 724px) 100vw, 724px\" \/><\/figure>\n\n\n\n<p>Eine ganze Woche lang bereiten sich die Teilnehmerinnen und Teilnehmer des Glissando-Musiklagers intensiv auf dieses Ereignis vor. Unz\u00e4hlige Proben, Chor-Stunden, Ventil-Services, Kissenschlachten, fliegende Drum-Sticks und schlaflose N\u00e4chte sp\u00e4ter wird das Programm f\u00fcr das Abschlusskonzert eingeimpft sein. Daf\u00fcr sorgt Matthias K\u00fcmin, der musikalische Leiter der Lagerwoche, gemeinsam mit seinem Team.<\/p>\n\n\n\n<p>Am Samstag, 15. Oktober wird um 19 Uhr das Balmberg-Abenteuer 2022 in der Mischeli-Kirche in Reinach mit einem musikalischen H\u00f6hepunkt seinen Abschluss finden! Kommen Sie mit auf eine Reise, die schwindelerregende Aussichten garantiert, f\u00fcr schaurig gruslige H\u00fchnerhautmomente sorgt und dann wieder zum Tanzen einl\u00e4dt. Alle Glissando-Teilnehmenden freuen sich auf Ihr zahlreiches Erscheinen!<\/p>\n\n\n\n<iframe src=\"https:\/\/www.google.com\/maps\/embed?pb=!1m18!1m12!1m3!1d2695.3267252027954!2d7.594921815626928!3d47.50302797917797!2m3!1f0!2f0!3f0!3m2!1i1024!2i768!4f13.1!3m3!1m2!1s0x4791c7f1c5302ec9%3A0xe0e3812db9f926ee!2sEvangelisch%20Reformierte%20Kirchgemeinde%20Reinach%20BL!5e0!3m2!1sde!2sch!4v1663101907565!5m2!1sde!2sch\" width=\"690\" height=\"450\" style=\"border:0;\" allowfullscreen=\"\" loading=\"lazy\" referrerpolicy=\"no-referrer-when-downgrade\"><\/iframe>\n","protected":false},"excerpt":{"rendered":"<p>Herzlich willkommen zum abenteuerlichen Glissando-Abschlusskonzert! Eine ganze Woche lang bereiten sich die Teilnehmerinnen und Teilnehmer des Glissando-Musiklagers intensiv auf dieses Ereignis vor. Unz\u00e4hlige Proben, Chor-Stunden, Ventil-Services, Kissenschlachten, fliegende Drum-Sticks und schlaflose N\u00e4chte sp\u00e4ter wird das Programm f\u00fcr das Abschlusskonzert eingeimpft sein. Daf\u00fcr sorgt Matthias K\u00fcmin, der musikalische Leiter der Lagerwoche, gemeinsam mit seinem Team. Am [&hellip;]<\/p>\n","protected":false},"author":1,"featured_media":0,"parent":39,"menu_order":0,"comment_status":"closed","ping_status":"closed","template":"","meta":{"jetpack_post_was_ever_published":false,"footnotes":""},"class_list":["post-317","page","type-page","status-publish","hentry","post-preview"],"yoast_head":"<!-- This site is optimized with the Yoast SEO plugin v24.7 - https:\/\/yoast.com\/wordpress\/plugins\/seo\/ -->\n<title>Abschlusskonzert 2022 | Glissando<\/title>\n<meta name=\"robots\" content=\"index, follow, max-snippet:-1, max-image-preview:large, max-video-preview:-1\" \/>\n<link rel=\"canonical\" href=\"https:\/\/www.glissando-musiklager.ch\/web\/startseite\/musiklager-2022\/abschlusskonzert-2021\/\" \/>\n<meta property=\"og:locale\" content=\"de_DE\" \/>\n<meta property=\"og:type\" content=\"article\" \/>\n<meta property=\"og:title\" content=\"Abschlusskonzert 2022 | Glissando\" \/>\n<meta property=\"og:description\" content=\"Herzlich willkommen zum abenteuerlichen Glissando-Abschlusskonzert! Eine ganze Woche lang bereiten sich die Teilnehmerinnen und Teilnehmer des Glissando-Musiklagers intensiv auf dieses Ereignis vor. Unz\u00e4hlige Proben, Chor-Stunden, Ventil-Services, Kissenschlachten, fliegende Drum-Sticks und schlaflose N\u00e4chte sp\u00e4ter wird das Programm f\u00fcr das Abschlusskonzert eingeimpft sein. Daf\u00fcr sorgt Matthias K\u00fcmin, der musikalische Leiter der Lagerwoche, gemeinsam mit seinem Team. Am [&hellip;]\" \/>\n<meta property=\"og:url\" content=\"https:\/\/www.glissando-musiklager.ch\/web\/startseite\/musiklager-2022\/abschlusskonzert-2021\/\" \/>\n<meta property=\"og:site_name\" content=\"Glissando\" \/>\n<meta property=\"article:publisher\" content=\"https:\/\/www.facebook.com\/glissandolager\/\" \/>\n<meta property=\"article:modified_time\" content=\"2022-09-13T21:00:55+00:00\" \/>\n<meta property=\"og:image\" content=\"https:\/\/www.glissando-musiklager.ch\/web\/wp-content\/uploads\/2022\/09\/Glissando2022_Flyer-724x1024.jpg\" \/>\n<meta name=\"twitter:card\" content=\"summary_large_image\" \/>\n<meta name=\"twitter:label1\" content=\"Gesch\u00e4tzte Lesezeit\" \/>\n\t<meta name=\"twitter:data1\" content=\"1\u00a0Minute\" \/>\n<script type=\"application\/ld+json\" class=\"yoast-schema-graph\">{\"@context\":\"https:\/\/schema.org\",\"@graph\":[{\"@type\":\"WebPage\",\"@id\":\"https:\/\/www.glissando-musiklager.ch\/web\/startseite\/musiklager-2022\/abschlusskonzert-2021\/\",\"url\":\"https:\/\/www.glissando-musiklager.ch\/web\/startseite\/musiklager-2022\/abschlusskonzert-2021\/\",\"name\":\"Abschlusskonzert 2022 | Glissando\",\"isPartOf\":{\"@id\":\"https:\/\/www.glissando-musiklager.ch\/web\/#website\"},\"primaryImageOfPage\":{\"@id\":\"https:\/\/www.glissando-musiklager.ch\/web\/startseite\/musiklager-2022\/abschlusskonzert-2021\/#primaryimage\"},\"image\":{\"@id\":\"https:\/\/www.glissando-musiklager.ch\/web\/startseite\/musiklager-2022\/abschlusskonzert-2021\/#primaryimage\"},\"thumbnailUrl\":\"https:\/\/www.glissando-musiklager.ch\/web\/wp-content\/uploads\/2022\/09\/Glissando2022_Flyer-724x1024.jpg\",\"datePublished\":\"2020-07-12T10:44:03+00:00\",\"dateModified\":\"2022-09-13T21:00:55+00:00\",\"breadcrumb\":{\"@id\":\"https:\/\/www.glissando-musiklager.ch\/web\/startseite\/musiklager-2022\/abschlusskonzert-2021\/#breadcrumb\"},\"inLanguage\":\"de\",\"potentialAction\":[{\"@type\":\"ReadAction\",\"target\":[\"https:\/\/www.glissando-musiklager.ch\/web\/startseite\/musiklager-2022\/abschlusskonzert-2021\/\"]}]},{\"@type\":\"ImageObject\",\"inLanguage\":\"de\",\"@id\":\"https:\/\/www.glissando-musiklager.ch\/web\/startseite\/musiklager-2022\/abschlusskonzert-2021\/#primaryimage\",\"url\":\"https:\/\/www.glissando-musiklager.ch\/web\/wp-content\/uploads\/2022\/09\/Glissando2022_Flyer.jpg\",\"contentUrl\":\"https:\/\/www.glissando-musiklager.ch\/web\/wp-content\/uploads\/2022\/09\/Glissando2022_Flyer.jpg\",\"width\":1113,\"height\":1575,\"caption\":\"Komm mit auf das Glissando-Adventure: \u00dcberwinde schwindelerregende H\u00f6hen am Abschlusskonzert 2022 in der Mischeli-Kirche in Reinach\"},{\"@type\":\"BreadcrumbList\",\"@id\":\"https:\/\/www.glissando-musiklager.ch\/web\/startseite\/musiklager-2022\/abschlusskonzert-2021\/#breadcrumb\",\"itemListElement\":[{\"@type\":\"ListItem\",\"position\":1,\"name\":\"Startseite\",\"item\":\"https:\/\/www.glissando-musiklager.ch\/web\/\"},{\"@type\":\"ListItem\",\"position\":2,\"name\":\"Glissando &#8211; Das Musiklager f\u00fcr Klein und Gross\",\"item\":\"https:\/\/www.glissando-musiklager.ch\/web\/\"},{\"@type\":\"ListItem\",\"position\":3,\"name\":\"Musiklager 2022\",\"item\":\"https:\/\/www.glissando-musiklager.ch\/web\/startseite\/musiklager-2022\/\"},{\"@type\":\"ListItem\",\"position\":4,\"name\":\"Abschlusskonzert 2022\"}]},{\"@type\":\"WebSite\",\"@id\":\"https:\/\/www.glissando-musiklager.ch\/web\/#website\",\"url\":\"https:\/\/www.glissando-musiklager.ch\/web\/\",\"name\":\"Glissando\",\"description\":\"Das Musiklager f\u00fcr Klein und Gross\",\"publisher\":{\"@id\":\"https:\/\/www.glissando-musiklager.ch\/web\/#organization\"},\"potentialAction\":[{\"@type\":\"SearchAction\",\"target\":{\"@type\":\"EntryPoint\",\"urlTemplate\":\"https:\/\/www.glissando-musiklager.ch\/web\/?s={search_term_string}\"},\"query-input\":{\"@type\":\"PropertyValueSpecification\",\"valueRequired\":true,\"valueName\":\"search_term_string\"}}],\"inLanguage\":\"de\"},{\"@type\":\"Organization\",\"@id\":\"https:\/\/www.glissando-musiklager.ch\/web\/#organization\",\"name\":\"Glissando-Musiklager\",\"url\":\"https:\/\/www.glissando-musiklager.ch\/web\/\",\"logo\":{\"@type\":\"ImageObject\",\"inLanguage\":\"de\",\"@id\":\"https:\/\/www.glissando-musiklager.ch\/web\/#\/schema\/logo\/image\/\",\"url\":\"https:\/\/www.glissando-musiklager.ch\/web\/wp-content\/uploads\/2018\/02\/2018-02-10-PHOTO-00000256.jpg\",\"contentUrl\":\"https:\/\/www.glissando-musiklager.ch\/web\/wp-content\/uploads\/2018\/02\/2018-02-10-PHOTO-00000256.jpg\",\"width\":1600,\"height\":707,\"caption\":\"Glissando-Musiklager\"},\"image\":{\"@id\":\"https:\/\/www.glissando-musiklager.ch\/web\/#\/schema\/logo\/image\/\"},\"sameAs\":[\"https:\/\/www.facebook.com\/glissandolager\/\"]}]}<\/script>\n<!-- \/ Yoast SEO plugin. -->","yoast_head_json":{"title":"Abschlusskonzert 2022 | Glissando","robots":{"index":"index","follow":"follow","max-snippet":"max-snippet:-1","max-image-preview":"max-image-preview:large","max-video-preview":"max-video-preview:-1"},"canonical":"https:\/\/www.glissando-musiklager.ch\/web\/startseite\/musiklager-2022\/abschlusskonzert-2021\/","og_locale":"de_DE","og_type":"article","og_title":"Abschlusskonzert 2022 | Glissando","og_description":"Herzlich willkommen zum abenteuerlichen Glissando-Abschlusskonzert! Eine ganze Woche lang bereiten sich die Teilnehmerinnen und Teilnehmer des Glissando-Musiklagers intensiv auf dieses Ereignis vor. Unz\u00e4hlige Proben, Chor-Stunden, Ventil-Services, Kissenschlachten, fliegende Drum-Sticks und schlaflose N\u00e4chte sp\u00e4ter wird das Programm f\u00fcr das Abschlusskonzert eingeimpft sein. Daf\u00fcr sorgt Matthias K\u00fcmin, der musikalische Leiter der Lagerwoche, gemeinsam mit seinem Team. Am [&hellip;]","og_url":"https:\/\/www.glissando-musiklager.ch\/web\/startseite\/musiklager-2022\/abschlusskonzert-2021\/","og_site_name":"Glissando","article_publisher":"https:\/\/www.facebook.com\/glissandolager\/","article_modified_time":"2022-09-13T21:00:55+00:00","og_image":[{"url":"https:\/\/www.glissando-musiklager.ch\/web\/wp-content\/uploads\/2022\/09\/Glissando2022_Flyer-724x1024.jpg","type":"","width":"","height":""}],"twitter_card":"summary_large_image","twitter_misc":{"Gesch\u00e4tzte Lesezeit":"1\u00a0Minute"},"schema":{"@context":"https:\/\/schema.org","@graph":[{"@type":"WebPage","@id":"https:\/\/www.glissando-musiklager.ch\/web\/startseite\/musiklager-2022\/abschlusskonzert-2021\/","url":"https:\/\/www.glissando-musiklager.ch\/web\/startseite\/musiklager-2022\/abschlusskonzert-2021\/","name":"Abschlusskonzert 2022 | Glissando","isPartOf":{"@id":"https:\/\/www.glissando-musiklager.ch\/web\/#website"},"primaryImageOfPage":{"@id":"https:\/\/www.glissando-musiklager.ch\/web\/startseite\/musiklager-2022\/abschlusskonzert-2021\/#primaryimage"},"image":{"@id":"https:\/\/www.glissando-musiklager.ch\/web\/startseite\/musiklager-2022\/abschlusskonzert-2021\/#primaryimage"},"thumbnailUrl":"https:\/\/www.glissando-musiklager.ch\/web\/wp-content\/uploads\/2022\/09\/Glissando2022_Flyer-724x1024.jpg","datePublished":"2020-07-12T10:44:03+00:00","dateModified":"2022-09-13T21:00:55+00:00","breadcrumb":{"@id":"https:\/\/www.glissando-musiklager.ch\/web\/startseite\/musiklager-2022\/abschlusskonzert-2021\/#breadcrumb"},"inLanguage":"de","potentialAction":[{"@type":"ReadAction","target":["https:\/\/www.glissando-musiklager.ch\/web\/startseite\/musiklager-2022\/abschlusskonzert-2021\/"]}]},{"@type":"ImageObject","inLanguage":"de","@id":"https:\/\/www.glissando-musiklager.ch\/web\/startseite\/musiklager-2022\/abschlusskonzert-2021\/#primaryimage","url":"https:\/\/www.glissando-musiklager.ch\/web\/wp-content\/uploads\/2022\/09\/Glissando2022_Flyer.jpg","contentUrl":"https:\/\/www.glissando-musiklager.ch\/web\/wp-content\/uploads\/2022\/09\/Glissando2022_Flyer.jpg","width":1113,"height":1575,"caption":"Komm mit auf das Glissando-Adventure: \u00dcberwinde schwindelerregende H\u00f6hen am Abschlusskonzert 2022 in der Mischeli-Kirche in Reinach"},{"@type":"BreadcrumbList","@id":"https:\/\/www.glissando-musiklager.ch\/web\/startseite\/musiklager-2022\/abschlusskonzert-2021\/#breadcrumb","itemListElement":[{"@type":"ListItem","position":1,"name":"Startseite","item":"https:\/\/www.glissando-musiklager.ch\/web\/"},{"@type":"ListItem","position":2,"name":"Glissando &#8211; Das Musiklager f\u00fcr Klein und Gross","item":"https:\/\/www.glissando-musiklager.ch\/web\/"},{"@type":"ListItem","position":3,"name":"Musiklager 2022","item":"https:\/\/www.glissando-musiklager.ch\/web\/startseite\/musiklager-2022\/"},{"@type":"ListItem","position":4,"name":"Abschlusskonzert 2022"}]},{"@type":"WebSite","@id":"https:\/\/www.glissando-musiklager.ch\/web\/#website","url":"https:\/\/www.glissando-musiklager.ch\/web\/","name":"Glissando","description":"Das Musiklager f\u00fcr Klein und Gross","publisher":{"@id":"https:\/\/www.glissando-musiklager.ch\/web\/#organization"},"potentialAction":[{"@type":"SearchAction","target":{"@type":"EntryPoint","urlTemplate":"https:\/\/www.glissando-musiklager.ch\/web\/?s={search_term_string}"},"query-input":{"@type":"PropertyValueSpecification","valueRequired":true,"valueName":"search_term_string"}}],"inLanguage":"de"},{"@type":"Organization","@id":"https:\/\/www.glissando-musiklager.ch\/web\/#organization","name":"Glissando-Musiklager","url":"https:\/\/www.glissando-musiklager.ch\/web\/","logo":{"@type":"ImageObject","inLanguage":"de","@id":"https:\/\/www.glissando-musiklager.ch\/web\/#\/schema\/logo\/image\/","url":"https:\/\/www.glissando-musiklager.ch\/web\/wp-content\/uploads\/2018\/02\/2018-02-10-PHOTO-00000256.jpg","contentUrl":"https:\/\/www.glissando-musiklager.ch\/web\/wp-content\/uploads\/2018\/02\/2018-02-10-PHOTO-00000256.jpg","width":1600,"height":707,"caption":"Glissando-Musiklager"},"image":{"@id":"https:\/\/www.glissando-musiklager.ch\/web\/#\/schema\/logo\/image\/"},"sameAs":["https:\/\/www.facebook.com\/glissandolager\/"]}]}},"jetpack_sharing_enabled":true,"jetpack_shortlink":"https:\/\/wp.me\/P9zYGu-57","_links":{"self":[{"href":"https:\/\/www.glissando-musiklager.ch\/web\/wp-json\/wp\/v2\/pages\/317","targetHints":{"allow":["GET"]}}],"collection":[{"href":"https:\/\/www.glissando-musiklager.ch\/web\/wp-json\/wp\/v2\/pages"}],"about":[{"href":"https:\/\/www.glissando-musiklager.ch\/web\/wp-json\/wp\/v2\/types\/page"}],"author":[{"embeddable":true,"href":"https:\/\/www.glissando-musiklager.ch\/web\/wp-json\/wp\/v2\/users\/1"}],"replies":[{"embeddable":true,"href":"https:\/\/www.glissando-musiklager.ch\/web\/wp-json\/wp\/v2\/comments?post=317"}],"version-history":[{"count":16,"href":"https:\/\/www.glissando-musiklager.ch\/web\/wp-json\/wp\/v2\/pages\/317\/revisions"}],"predecessor-version":[{"id":468,"href":"https:\/\/www.glissando-musiklager.ch\/web\/wp-json\/wp\/v2\/pages\/317\/revisions\/468"}],"up":[{"embeddable":true,"href":"https:\/\/www.glissando-musiklager.ch\/web\/wp-json\/wp\/v2\/pages\/39"}],"wp:attachment":[{"href":"https:\/\/www.glissando-musiklager.ch\/web\/wp-json\/wp\/v2\/media?parent=317"}],"curies":[{"name":"wp","href":"https:\/\/api.w.org\/{rel}","templated":true}]}}