{"id":39,"date":"2018-01-20T17:08:49","date_gmt":"2018-01-20T17:08:49","guid":{"rendered":"http:\/\/www.glissando-musiklager.ch\/web\/?page_id=39"},"modified":"2022-09-13T20:27:57","modified_gmt":"2022-09-13T20:27:57","slug":"musiklager-2022","status":"publish","type":"page","link":"https:\/\/www.glissando-musiklager.ch\/web\/startseite\/musiklager-2022\/","title":{"rendered":"Musiklager 2022"},"content":{"rendered":"<p>Nach einer l\u00e4ngeren Pause planen wir, im <span style=\"color: #ff6600;\">Herbst 2022<\/span> wieder ins Musiklager zu fahren!<\/p>\n<p>Das Lager startet am Samstag, 8. Oktober 2022. Auf dem solothurnischen Balmberg stehen dann eine Woche lang Proben, sportliche Aktivit\u00e4ten, feines Essen und kurze N\u00e4chten auf dem Programm. Ziel ist ein intensiv vorbereitetes Abschlusskonzert am Ende der Woche. Am Samstag, 15. Oktober &#8211; dem Abreisetag selber &#8211; wird dann das Konzert als hoffentlich denkw\u00fcrdiger Event in der Mischeli-Kirche in Reinach \u00fcber die B\u00fchne gehen k\u00f6nnen.<\/p>\n<h1>Informationen zum Lager<\/h1>\n<p><a href=\"https:\/\/www.glissando-musiklager.ch\/web\/sample-page\/musiklager-2018\/fuer-wen-ist-das-lager\/\">F\u00fcr wen ist das Lager?<\/a><\/p>\n<p><a href=\"https:\/\/www.glissando-musiklager.ch\/web\/startseite\/musiklager-2022\/wo-findet-das-lager-statt\/\">Wo findet das Lager statt?<\/a><\/p>\n<p><a href=\"https:\/\/www.glissando-musiklager.ch\/web\/startseite\/musiklager-2021\/anmeldung\/\">Kosten und Anmeldung<\/a><\/p>\n<p>Lagerthema: Adventure!<\/p>\n<p><a href=\"https:\/\/www.glissando-musiklager.ch\/web\/sample-page\/lagerleitung\/\">Lagerleitung<\/a><\/p>\n<p><a href=\"https:\/\/www.glissando-musiklager.ch\/web\/startseite\/musiklager-2022\/abschlusskonzert-2021\/\">Abschlusskonzert<\/a><\/p>\n<p><a href=\"https:\/\/www.glissando-musiklager.ch\/web\/startseite\/musiklager-2022\/wichtige-dokumente\/\">Weitere Dokumente zum Herunterladen<\/a><\/p>\n","protected":false},"excerpt":{"rendered":"<p>Nach einer l\u00e4ngeren Pause planen wir, im Herbst 2022 wieder ins Musiklager zu fahren! Das Lager startet am Samstag, 8. Oktober 2022. Auf dem solothurnischen Balmberg stehen dann eine Woche lang Proben, sportliche Aktivit\u00e4ten, feines Essen und kurze N\u00e4chten auf dem Programm. Ziel ist ein intensiv vorbereitetes Abschlusskonzert am Ende der Woche. Am Samstag, 15. [&hellip;]<\/p>\n","protected":false},"author":1,"featured_media":0,"parent":2,"menu_order":0,"comment_status":"closed","ping_status":"closed","template":"template-fullwidth.php","meta":{"jetpack_post_was_ever_published":false,"footnotes":""},"class_list":["post-39","page","type-page","status-publish","hentry","post-preview"],"yoast_head":"<!-- This site is optimized with the Yoast SEO plugin v24.7 - https:\/\/yoast.com\/wordpress\/plugins\/seo\/ -->\n<title>Musiklager 2022 | Glissando<\/title>\n<meta name=\"robots\" content=\"index, follow, max-snippet:-1, max-image-preview:large, max-video-preview:-1\" \/>\n<link rel=\"canonical\" href=\"https:\/\/www.glissando-musiklager.ch\/web\/startseite\/musiklager-2022\/\" \/>\n<meta property=\"og:locale\" content=\"de_DE\" \/>\n<meta property=\"og:type\" content=\"article\" \/>\n<meta property=\"og:title\" content=\"Musiklager 2022 | Glissando\" \/>\n<meta property=\"og:description\" content=\"Nach einer l\u00e4ngeren Pause planen wir, im Herbst 2022 wieder ins Musiklager zu fahren! Das Lager startet am Samstag, 8. Oktober 2022. Auf dem solothurnischen Balmberg stehen dann eine Woche lang Proben, sportliche Aktivit\u00e4ten, feines Essen und kurze N\u00e4chten auf dem Programm. Ziel ist ein intensiv vorbereitetes Abschlusskonzert am Ende der Woche. Am Samstag, 15. [&hellip;]\" \/>\n<meta property=\"og:url\" content=\"https:\/\/www.glissando-musiklager.ch\/web\/startseite\/musiklager-2022\/\" \/>\n<meta property=\"og:site_name\" content=\"Glissando\" \/>\n<meta property=\"article:publisher\" content=\"https:\/\/www.facebook.com\/glissandolager\/\" \/>\n<meta property=\"article:modified_time\" content=\"2022-09-13T20:27:57+00:00\" \/>\n<meta property=\"og:image\" content=\"https:\/\/www.glissando-musiklager.ch\/web\/wp-content\/uploads\/2018\/02\/Kamera_Flo_278-1024x768.jpg\" \/>\n\t<meta property=\"og:image:width\" content=\"1024\" \/>\n\t<meta property=\"og:image:height\" content=\"768\" \/>\n\t<meta property=\"og:image:type\" content=\"image\/jpeg\" \/>\n<meta name=\"twitter:card\" content=\"summary_large_image\" \/>\n<meta name=\"twitter:label1\" content=\"Gesch\u00e4tzte Lesezeit\" \/>\n\t<meta name=\"twitter:data1\" content=\"1\u00a0Minute\" \/>\n<script type=\"application\/ld+json\" class=\"yoast-schema-graph\">{\"@context\":\"https:\/\/schema.org\",\"@graph\":[{\"@type\":\"WebPage\",\"@id\":\"https:\/\/www.glissando-musiklager.ch\/web\/startseite\/musiklager-2022\/\",\"url\":\"https:\/\/www.glissando-musiklager.ch\/web\/startseite\/musiklager-2022\/\",\"name\":\"Musiklager 2022 | Glissando\",\"isPartOf\":{\"@id\":\"https:\/\/www.glissando-musiklager.ch\/web\/#website\"},\"datePublished\":\"2018-01-20T17:08:49+00:00\",\"dateModified\":\"2022-09-13T20:27:57+00:00\",\"breadcrumb\":{\"@id\":\"https:\/\/www.glissando-musiklager.ch\/web\/startseite\/musiklager-2022\/#breadcrumb\"},\"inLanguage\":\"de\",\"potentialAction\":[{\"@type\":\"ReadAction\",\"target\":[\"https:\/\/www.glissando-musiklager.ch\/web\/startseite\/musiklager-2022\/\"]}]},{\"@type\":\"BreadcrumbList\",\"@id\":\"https:\/\/www.glissando-musiklager.ch\/web\/startseite\/musiklager-2022\/#breadcrumb\",\"itemListElement\":[{\"@type\":\"ListItem\",\"position\":1,\"name\":\"Startseite\",\"item\":\"https:\/\/www.glissando-musiklager.ch\/web\/\"},{\"@type\":\"ListItem\",\"position\":2,\"name\":\"Glissando &#8211; Das Musiklager f\u00fcr Klein und Gross\",\"item\":\"https:\/\/www.glissando-musiklager.ch\/web\/\"},{\"@type\":\"ListItem\",\"position\":3,\"name\":\"Musiklager 2022\"}]},{\"@type\":\"WebSite\",\"@id\":\"https:\/\/www.glissando-musiklager.ch\/web\/#website\",\"url\":\"https:\/\/www.glissando-musiklager.ch\/web\/\",\"name\":\"Glissando\",\"description\":\"Das Musiklager f\u00fcr Klein und Gross\",\"publisher\":{\"@id\":\"https:\/\/www.glissando-musiklager.ch\/web\/#organization\"},\"potentialAction\":[{\"@type\":\"SearchAction\",\"target\":{\"@type\":\"EntryPoint\",\"urlTemplate\":\"https:\/\/www.glissando-musiklager.ch\/web\/?s={search_term_string}\"},\"query-input\":{\"@type\":\"PropertyValueSpecification\",\"valueRequired\":true,\"valueName\":\"search_term_string\"}}],\"inLanguage\":\"de\"},{\"@type\":\"Organization\",\"@id\":\"https:\/\/www.glissando-musiklager.ch\/web\/#organization\",\"name\":\"Glissando-Musiklager\",\"url\":\"https:\/\/www.glissando-musiklager.ch\/web\/\",\"logo\":{\"@type\":\"ImageObject\",\"inLanguage\":\"de\",\"@id\":\"https:\/\/www.glissando-musiklager.ch\/web\/#\/schema\/logo\/image\/\",\"url\":\"https:\/\/www.glissando-musiklager.ch\/web\/wp-content\/uploads\/2018\/02\/2018-02-10-PHOTO-00000256.jpg\",\"contentUrl\":\"https:\/\/www.glissando-musiklager.ch\/web\/wp-content\/uploads\/2018\/02\/2018-02-10-PHOTO-00000256.jpg\",\"width\":1600,\"height\":707,\"caption\":\"Glissando-Musiklager\"},\"image\":{\"@id\":\"https:\/\/www.glissando-musiklager.ch\/web\/#\/schema\/logo\/image\/\"},\"sameAs\":[\"https:\/\/www.facebook.com\/glissandolager\/\"]}]}<\/script>\n<!-- \/ Yoast SEO plugin. -->","yoast_head_json":{"title":"Musiklager 2022 | Glissando","robots":{"index":"index","follow":"follow","max-snippet":"max-snippet:-1","max-image-preview":"max-image-preview:large","max-video-preview":"max-video-preview:-1"},"canonical":"https:\/\/www.glissando-musiklager.ch\/web\/startseite\/musiklager-2022\/","og_locale":"de_DE","og_type":"article","og_title":"Musiklager 2022 | Glissando","og_description":"Nach einer l\u00e4ngeren Pause planen wir, im Herbst 2022 wieder ins Musiklager zu fahren! Das Lager startet am Samstag, 8. Oktober 2022. Auf dem solothurnischen Balmberg stehen dann eine Woche lang Proben, sportliche Aktivit\u00e4ten, feines Essen und kurze N\u00e4chten auf dem Programm. Ziel ist ein intensiv vorbereitetes Abschlusskonzert am Ende der Woche. Am Samstag, 15. [&hellip;]","og_url":"https:\/\/www.glissando-musiklager.ch\/web\/startseite\/musiklager-2022\/","og_site_name":"Glissando","article_publisher":"https:\/\/www.facebook.com\/glissandolager\/","article_modified_time":"2022-09-13T20:27:57+00:00","og_image":[{"width":1024,"height":768,"url":"https:\/\/www.glissando-musiklager.ch\/web\/wp-content\/uploads\/2018\/02\/Kamera_Flo_278-1024x768.jpg","type":"image\/jpeg"}],"twitter_card":"summary_large_image","twitter_misc":{"Gesch\u00e4tzte Lesezeit":"1\u00a0Minute"},"schema":{"@context":"https:\/\/schema.org","@graph":[{"@type":"WebPage","@id":"https:\/\/www.glissando-musiklager.ch\/web\/startseite\/musiklager-2022\/","url":"https:\/\/www.glissando-musiklager.ch\/web\/startseite\/musiklager-2022\/","name":"Musiklager 2022 | Glissando","isPartOf":{"@id":"https:\/\/www.glissando-musiklager.ch\/web\/#website"},"datePublished":"2018-01-20T17:08:49+00:00","dateModified":"2022-09-13T20:27:57+00:00","breadcrumb":{"@id":"https:\/\/www.glissando-musiklager.ch\/web\/startseite\/musiklager-2022\/#breadcrumb"},"inLanguage":"de","potentialAction":[{"@type":"ReadAction","target":["https:\/\/www.glissando-musiklager.ch\/web\/startseite\/musiklager-2022\/"]}]},{"@type":"BreadcrumbList","@id":"https:\/\/www.glissando-musiklager.ch\/web\/startseite\/musiklager-2022\/#breadcrumb","itemListElement":[{"@type":"ListItem","position":1,"name":"Startseite","item":"https:\/\/www.glissando-musiklager.ch\/web\/"},{"@type":"ListItem","position":2,"name":"Glissando &#8211; Das Musiklager f\u00fcr Klein und Gross","item":"https:\/\/www.glissando-musiklager.ch\/web\/"},{"@type":"ListItem","position":3,"name":"Musiklager 2022"}]},{"@type":"WebSite","@id":"https:\/\/www.glissando-musiklager.ch\/web\/#website","url":"https:\/\/www.glissando-musiklager.ch\/web\/","name":"Glissando","description":"Das Musiklager f\u00fcr Klein und Gross","publisher":{"@id":"https:\/\/www.glissando-musiklager.ch\/web\/#organization"},"potentialAction":[{"@type":"SearchAction","target":{"@type":"EntryPoint","urlTemplate":"https:\/\/www.glissando-musiklager.ch\/web\/?s={search_term_string}"},"query-input":{"@type":"PropertyValueSpecification","valueRequired":true,"valueName":"search_term_string"}}],"inLanguage":"de"},{"@type":"Organization","@id":"https:\/\/www.glissando-musiklager.ch\/web\/#organization","name":"Glissando-Musiklager","url":"https:\/\/www.glissando-musiklager.ch\/web\/","logo":{"@type":"ImageObject","inLanguage":"de","@id":"https:\/\/www.glissando-musiklager.ch\/web\/#\/schema\/logo\/image\/","url":"https:\/\/www.glissando-musiklager.ch\/web\/wp-content\/uploads\/2018\/02\/2018-02-10-PHOTO-00000256.jpg","contentUrl":"https:\/\/www.glissando-musiklager.ch\/web\/wp-content\/uploads\/2018\/02\/2018-02-10-PHOTO-00000256.jpg","width":1600,"height":707,"caption":"Glissando-Musiklager"},"image":{"@id":"https:\/\/www.glissando-musiklager.ch\/web\/#\/schema\/logo\/image\/"},"sameAs":["https:\/\/www.facebook.com\/glissandolager\/"]}]}},"jetpack_sharing_enabled":true,"jetpack_shortlink":"https:\/\/wp.me\/P9zYGu-D","_links":{"self":[{"href":"https:\/\/www.glissando-musiklager.ch\/web\/wp-json\/wp\/v2\/pages\/39","targetHints":{"allow":["GET"]}}],"collection":[{"href":"https:\/\/www.glissando-musiklager.ch\/web\/wp-json\/wp\/v2\/pages"}],"about":[{"href":"https:\/\/www.glissando-musiklager.ch\/web\/wp-json\/wp\/v2\/types\/page"}],"author":[{"embeddable":true,"href":"https:\/\/www.glissando-musiklager.ch\/web\/wp-json\/wp\/v2\/users\/1"}],"replies":[{"embeddable":true,"href":"https:\/\/www.glissando-musiklager.ch\/web\/wp-json\/wp\/v2\/comments?post=39"}],"version-history":[{"count":25,"href":"https:\/\/www.glissando-musiklager.ch\/web\/wp-json\/wp\/v2\/pages\/39\/revisions"}],"predecessor-version":[{"id":459,"href":"https:\/\/www.glissando-musiklager.ch\/web\/wp-json\/wp\/v2\/pages\/39\/revisions\/459"}],"up":[{"embeddable":true,"href":"https:\/\/www.glissando-musiklager.ch\/web\/wp-json\/wp\/v2\/pages\/2"}],"wp:attachment":[{"href":"https:\/\/www.glissando-musiklager.ch\/web\/wp-json\/wp\/v2\/media?parent=39"}],"curies":[{"name":"wp","href":"https:\/\/api.w.org\/{rel}","templated":true}]}}

<p>Nach einer längeren Pause planen wir, im <span style="color: #ff6600;">Herbst 2022</span> wieder ins Musiklager zu fahren!</p>
<p>Das Lager startet am Samstag, 8. Oktober 2022. Auf dem solothurnischen Balmberg stehen dann eine Woche lang Proben, sportliche Aktivitäten, feines Essen und kurze Nächten auf dem Programm. Ziel ist ein intensiv vorbereitetes Abschlusskonzert am Ende der Woche. Am Samstag, 15. Oktober &#8211; dem Abreisetag selber &#8211; wird dann das Konzert als hoffentlich denkwürdiger Event in der Mischeli-Kirche in Reinach über die Bühne gehen können.</p>
<h1>Informationen zum Lager</h1>
<p><a href="https://www.glissando-musiklager.ch/web/sample-page/musiklager-2018/fuer-wen-ist-das-lager/">Für wen ist das Lager?</a></p>
<p><a href="https://www.glissando-musiklager.ch/web/startseite/musiklager-2022/wo-findet-das-lager-statt/">Wo findet das Lager statt?</a></p>
<p><a href="https://www.glissando-musiklager.ch/web/startseite/musiklager-2021/anmeldung/">Kosten und Anmeldung</a></p>
<p>Lagerthema: Adventure!</p>
<p><a href="https://www.glissando-musiklager.ch/web/sample-page/lagerleitung/">Lagerleitung</a></p>
<p><a href="https://www.glissando-musiklager.ch/web/startseite/musiklager-2022/abschlusskonzert-2021/">Abschlusskonzert</a></p>
<p><a href="https://www.glissando-musiklager.ch/web/startseite/musiklager-2022/wichtige-dokumente/">Weitere Dokumente zum Herunterladen</a></p>

<p>Nach einer längeren Pause planen wir, im Herbst 2022 wieder ins Musiklager zu fahren! Das Lager startet am Samstag, 8. Oktober 2022. Auf dem solothurnischen Balmberg stehen dann eine Woche lang Proben, sportliche Aktivitäten, feines Essen und kurze Nächten auf dem Programm. Ziel ist ein intensiv vorbereitetes Abschlusskonzert am Ende der Woche. Am Samstag, 15. [&hellip;]</p>

<!-- This site is optimized with the Yoast SEO plugin v24.7 - https://yoast.com/wordpress/plugins/seo/ -->
<title>Musiklager 2022 | Glissando</title>
<meta name="robots" content="index, follow, max-snippet:-1, max-image-preview:large, max-video-preview:-1" />
<link rel="canonical" href="https://www.glissando-musiklager.ch/web/startseite/musiklager-2022/" />
<meta property="og:locale" content="de_DE" />
<meta property="og:type" content="article" />
<meta property="og:title" content="Musiklager 2022 | Glissando" />
<meta property="og:description" content="Nach einer längeren Pause planen wir, im Herbst 2022 wieder ins Musiklager zu fahren! Das Lager startet am Samstag, 8. Oktober 2022. Auf dem solothurnischen Balmberg stehen dann eine Woche lang Proben, sportliche Aktivitäten, feines Essen und kurze Nächten auf dem Programm. Ziel ist ein intensiv vorbereitetes Abschlusskonzert am Ende der Woche. Am Samstag, 15. [&hellip;]" />
<meta property="og:url" content="https://www.glissando-musiklager.ch/web/startseite/musiklager-2022/" />
<meta property="og:site_name" content="Glissando" />
<meta property="article:publisher" content="https://www.facebook.com/glissandolager/" />
<meta property="article:modified_time" content="2022-09-13T20:27:57+00:00" />
<meta property="og:image" content="https://www.glissando-musiklager.ch/web/wp-content/uploads/2018/02/Kamera_Flo_278-1024x768.jpg" />
	<meta property="og:image:width" content="1024" />
	<meta property="og:image:height" content="768" />
	<meta property="og:image:type" content="image/jpeg" />
<meta name="twitter:card" content="summary_large_image" />
<meta name="twitter:label1" content="Geschätzte Lesezeit" />
	<meta name="twitter:data1" content="1 Minute" />
<script type="application/ld+json" class="yoast-schema-graph">{"@context":"https://schema.org","@graph":[{"@type":"WebPage","@id":"https://www.glissando-musiklager.ch/web/startseite/musiklager-2022/","url":"https://www.glissando-musiklager.ch/web/startseite/musiklager-2022/","name":"Musiklager 2022 | Glissando","isPartOf":{"@id":"https://www.glissando-musiklager.ch/web/#website"},"datePublished":"2018-01-20T17:08:49+00:00","dateModified":"2022-09-13T20:27:57+00:00","breadcrumb":{"@id":"https://www.glissando-musiklager.ch/web/startseite/musiklager-2022/#breadcrumb"},"inLanguage":"de","potentialAction":[{"@type":"ReadAction","target":["https://www.glissando-musiklager.ch/web/startseite/musiklager-2022/"]}]},{"@type":"BreadcrumbList","@id":"https://www.glissando-musiklager.ch/web/startseite/musiklager-2022/#breadcrumb","itemListElement":[{"@type":"ListItem","position":1,"name":"Startseite","item":"https://www.glissando-musiklager.ch/web/"},{"@type":"ListItem","position":2,"name":"Glissando &#8211; Das Musiklager für Klein und Gross","item":"https://www.glissando-musiklager.ch/web/"},{"@type":"ListItem","position":3,"name":"Musiklager 2022"}]},{"@type":"WebSite","@id":"https://www.glissando-musiklager.ch/web/#website","url":"https://www.glissando-musiklager.ch/web/","name":"Glissando","description":"Das Musiklager für Klein und Gross","publisher":{"@id":"https://www.glissando-musiklager.ch/web/#organization"},"potentialAction":[{"@type":"SearchAction","target":{"@type":"EntryPoint","urlTemplate":"https://www.glissando-musiklager.ch/web/?s={search_term_string}"},"query-input":{"@type":"PropertyValueSpecification","valueRequired":true,"valueName":"search_term_string"}}],"inLanguage":"de"},{"@type":"Organization","@id":"https://www.glissando-musiklager.ch/web/#organization","name":"Glissando-Musiklager","url":"https://www.glissando-musiklager.ch/web/","logo":{"@type":"ImageObject","inLanguage":"de","@id":"https://www.glissando-musiklager.ch/web/#/schema/logo/image/","url":"https://www.glissando-musiklager.ch/web/wp-content/uploads/2018/02/2018-02-10-PHOTO-00000256.jpg","contentUrl":"https://www.glissando-musiklager.ch/web/wp-content/uploads/2018/02/2018-02-10-PHOTO-00000256.jpg","width":1600,"height":707,"caption":"Glissando-Musiklager"},"image":{"@id":"https://www.glissando-musiklager.ch/web/#/schema/logo/image/"},"sameAs":["https://www.facebook.com/glissandolager/"]}]}</script>
<!-- / Yoast SEO plugin. -->

Nach einer längeren Pause planen wir, im Herbst 2022 wieder ins Musiklager zu fahren! Das Lager startet am Samstag, 8. Oktober 2022. Auf dem solothurnischen Balmberg stehen dann eine Woche lang Proben, sportliche Aktivitäten, feines Essen und kurze Nächten auf dem Programm. Ziel ist ein intensiv vorbereitetes Abschlusskonzert am Ende der Woche. Am Samstag, 15. [&hellip;]

Glissando &#8211; Das Musiklager für Klein und Gross

Das Musiklager für Klein und Gross
