{"id":405,"date":"2022-01-23T15:22:36","date_gmt":"2022-01-23T15:22:36","guid":{"rendered":"https:\/\/www.glissando-musiklager.ch\/web\/?page_id=405"},"modified":"2022-01-23T15:37:02","modified_gmt":"2022-01-23T15:37:02","slug":"was-erwartet-mich","status":"publish","type":"page","link":"https:\/\/www.glissando-musiklager.ch\/web\/startseite\/musiklager-2022\/was-erwartet-mich\/","title":{"rendered":"Was erwartet mich?"},"content":{"rendered":"\n<p>Nat\u00fcrlich ist das t\u00e4gliche Proben als gesamtes Orchester und in Registern der wichtigste Teil des Lagers. Aber auch Sport, Spiel und Spass d\u00fcrfen nicht zu kurz kommen. Dies kann ein Filmabend, einen Ausflug um den Kopf zu L\u00fcften oder ein Spieleabend sein.<\/p>\n\n\n\n<p>Daneben gibt es einige nicht-musikalischen Vorbereitungen f\u00fcrs Konzert, die wir in der Lagerwoche zusammen oder in Gruppen treffen. Dazu geh\u00f6rt zum Beispiel die Konzert-Moderation.<\/p>\n\n\n\n<p>Um ein paar Eindr\u00fccke zu erhalten, gibt es Schnappsch\u00fcsse <a href=\"https:\/\/www.glissando-musiklager.ch\/web\/startseite\/vergangene-lager\/\">aus vergangenen Glissando-Lager.<\/a><\/p>\n","protected":false},"excerpt":{"rendered":"<p>Nat\u00fcrlich ist das t\u00e4gliche Proben als gesamtes Orchester und in Registern der wichtigste Teil des Lagers. Aber auch Sport, Spiel und Spass d\u00fcrfen nicht zu kurz kommen. Dies kann ein Filmabend, einen Ausflug um den Kopf zu L\u00fcften oder ein Spieleabend sein. Daneben gibt es einige nicht-musikalischen Vorbereitungen f\u00fcrs Konzert, die wir in der Lagerwoche [&hellip;]<\/p>\n","protected":false},"author":1,"featured_media":411,"parent":39,"menu_order":0,"comment_status":"closed","ping_status":"closed","template":"","meta":{"jetpack_post_was_ever_published":false,"footnotes":""},"class_list":["post-405","page","type-page","status-publish","has-post-thumbnail","hentry","post-preview"],"yoast_head":"<!-- This site is optimized with the Yoast SEO plugin v24.7 - https:\/\/yoast.com\/wordpress\/plugins\/seo\/ -->\n<title>Was erwartet mich? | Glissando<\/title>\n<meta name=\"robots\" content=\"index, follow, max-snippet:-1, max-image-preview:large, max-video-preview:-1\" \/>\n<link rel=\"canonical\" href=\"https:\/\/www.glissando-musiklager.ch\/web\/startseite\/musiklager-2022\/was-erwartet-mich\/\" \/>\n<meta property=\"og:locale\" content=\"de_DE\" \/>\n<meta property=\"og:type\" content=\"article\" \/>\n<meta property=\"og:title\" content=\"Was erwartet mich? | Glissando\" \/>\n<meta property=\"og:description\" content=\"Nat\u00fcrlich ist das t\u00e4gliche Proben als gesamtes Orchester und in Registern der wichtigste Teil des Lagers. Aber auch Sport, Spiel und Spass d\u00fcrfen nicht zu kurz kommen. Dies kann ein Filmabend, einen Ausflug um den Kopf zu L\u00fcften oder ein Spieleabend sein. Daneben gibt es einige nicht-musikalischen Vorbereitungen f\u00fcrs Konzert, die wir in der Lagerwoche [&hellip;]\" \/>\n<meta property=\"og:url\" content=\"https:\/\/www.glissando-musiklager.ch\/web\/startseite\/musiklager-2022\/was-erwartet-mich\/\" \/>\n<meta property=\"og:site_name\" content=\"Glissando\" \/>\n<meta property=\"article:publisher\" content=\"https:\/\/www.facebook.com\/glissandolager\/\" \/>\n<meta property=\"article:modified_time\" content=\"2022-01-23T15:37:02+00:00\" \/>\n<meta property=\"og:image\" content=\"https:\/\/www.glissando-musiklager.ch\/web\/wp-content\/uploads\/2022\/01\/UNADJUSTEDRAW_thumb_13ad8.jpg\" \/>\n\t<meta property=\"og:image:width\" content=\"1024\" \/>\n\t<meta property=\"og:image:height\" content=\"678\" \/>\n\t<meta property=\"og:image:type\" content=\"image\/jpeg\" \/>\n<meta name=\"twitter:card\" content=\"summary_large_image\" \/>\n<meta name=\"twitter:label1\" content=\"Gesch\u00e4tzte Lesezeit\" \/>\n\t<meta name=\"twitter:data1\" content=\"1\u00a0Minute\" \/>\n<script type=\"application\/ld+json\" class=\"yoast-schema-graph\">{\"@context\":\"https:\/\/schema.org\",\"@graph\":[{\"@type\":\"WebPage\",\"@id\":\"https:\/\/www.glissando-musiklager.ch\/web\/startseite\/musiklager-2022\/was-erwartet-mich\/\",\"url\":\"https:\/\/www.glissando-musiklager.ch\/web\/startseite\/musiklager-2022\/was-erwartet-mich\/\",\"name\":\"Was erwartet mich? | Glissando\",\"isPartOf\":{\"@id\":\"https:\/\/www.glissando-musiklager.ch\/web\/#website\"},\"primaryImageOfPage\":{\"@id\":\"https:\/\/www.glissando-musiklager.ch\/web\/startseite\/musiklager-2022\/was-erwartet-mich\/#primaryimage\"},\"image\":{\"@id\":\"https:\/\/www.glissando-musiklager.ch\/web\/startseite\/musiklager-2022\/was-erwartet-mich\/#primaryimage\"},\"thumbnailUrl\":\"https:\/\/www.glissando-musiklager.ch\/web\/wp-content\/uploads\/2022\/01\/UNADJUSTEDRAW_thumb_13ad8.jpg\",\"datePublished\":\"2022-01-23T15:22:36+00:00\",\"dateModified\":\"2022-01-23T15:37:02+00:00\",\"breadcrumb\":{\"@id\":\"https:\/\/www.glissando-musiklager.ch\/web\/startseite\/musiklager-2022\/was-erwartet-mich\/#breadcrumb\"},\"inLanguage\":\"de\",\"potentialAction\":[{\"@type\":\"ReadAction\",\"target\":[\"https:\/\/www.glissando-musiklager.ch\/web\/startseite\/musiklager-2022\/was-erwartet-mich\/\"]}]},{\"@type\":\"ImageObject\",\"inLanguage\":\"de\",\"@id\":\"https:\/\/www.glissando-musiklager.ch\/web\/startseite\/musiklager-2022\/was-erwartet-mich\/#primaryimage\",\"url\":\"https:\/\/www.glissando-musiklager.ch\/web\/wp-content\/uploads\/2022\/01\/UNADJUSTEDRAW_thumb_13ad8.jpg\",\"contentUrl\":\"https:\/\/www.glissando-musiklager.ch\/web\/wp-content\/uploads\/2022\/01\/UNADJUSTEDRAW_thumb_13ad8.jpg\",\"width\":1024,\"height\":678},{\"@type\":\"BreadcrumbList\",\"@id\":\"https:\/\/www.glissando-musiklager.ch\/web\/startseite\/musiklager-2022\/was-erwartet-mich\/#breadcrumb\",\"itemListElement\":[{\"@type\":\"ListItem\",\"position\":1,\"name\":\"Startseite\",\"item\":\"https:\/\/www.glissando-musiklager.ch\/web\/\"},{\"@type\":\"ListItem\",\"position\":2,\"name\":\"Glissando &#8211; Das Musiklager f\u00fcr Klein und Gross\",\"item\":\"https:\/\/www.glissando-musiklager.ch\/web\/\"},{\"@type\":\"ListItem\",\"position\":3,\"name\":\"Musiklager 2022\",\"item\":\"https:\/\/www.glissando-musiklager.ch\/web\/startseite\/musiklager-2022\/\"},{\"@type\":\"ListItem\",\"position\":4,\"name\":\"Was erwartet mich?\"}]},{\"@type\":\"WebSite\",\"@id\":\"https:\/\/www.glissando-musiklager.ch\/web\/#website\",\"url\":\"https:\/\/www.glissando-musiklager.ch\/web\/\",\"name\":\"Glissando\",\"description\":\"Das Musiklager f\u00fcr Klein und Gross\",\"publisher\":{\"@id\":\"https:\/\/www.glissando-musiklager.ch\/web\/#organization\"},\"potentialAction\":[{\"@type\":\"SearchAction\",\"target\":{\"@type\":\"EntryPoint\",\"urlTemplate\":\"https:\/\/www.glissando-musiklager.ch\/web\/?s={search_term_string}\"},\"query-input\":{\"@type\":\"PropertyValueSpecification\",\"valueRequired\":true,\"valueName\":\"search_term_string\"}}],\"inLanguage\":\"de\"},{\"@type\":\"Organization\",\"@id\":\"https:\/\/www.glissando-musiklager.ch\/web\/#organization\",\"name\":\"Glissando-Musiklager\",\"url\":\"https:\/\/www.glissando-musiklager.ch\/web\/\",\"logo\":{\"@type\":\"ImageObject\",\"inLanguage\":\"de\",\"@id\":\"https:\/\/www.glissando-musiklager.ch\/web\/#\/schema\/logo\/image\/\",\"url\":\"https:\/\/www.glissando-musiklager.ch\/web\/wp-content\/uploads\/2018\/02\/2018-02-10-PHOTO-00000256.jpg\",\"contentUrl\":\"https:\/\/www.glissando-musiklager.ch\/web\/wp-content\/uploads\/2018\/02\/2018-02-10-PHOTO-00000256.jpg\",\"width\":1600,\"height\":707,\"caption\":\"Glissando-Musiklager\"},\"image\":{\"@id\":\"https:\/\/www.glissando-musiklager.ch\/web\/#\/schema\/logo\/image\/\"},\"sameAs\":[\"https:\/\/www.facebook.com\/glissandolager\/\"]}]}<\/script>\n<!-- \/ Yoast SEO plugin. -->","yoast_head_json":{"title":"Was erwartet mich? | Glissando","robots":{"index":"index","follow":"follow","max-snippet":"max-snippet:-1","max-image-preview":"max-image-preview:large","max-video-preview":"max-video-preview:-1"},"canonical":"https:\/\/www.glissando-musiklager.ch\/web\/startseite\/musiklager-2022\/was-erwartet-mich\/","og_locale":"de_DE","og_type":"article","og_title":"Was erwartet mich? | Glissando","og_description":"Nat\u00fcrlich ist das t\u00e4gliche Proben als gesamtes Orchester und in Registern der wichtigste Teil des Lagers. Aber auch Sport, Spiel und Spass d\u00fcrfen nicht zu kurz kommen. Dies kann ein Filmabend, einen Ausflug um den Kopf zu L\u00fcften oder ein Spieleabend sein. Daneben gibt es einige nicht-musikalischen Vorbereitungen f\u00fcrs Konzert, die wir in der Lagerwoche [&hellip;]","og_url":"https:\/\/www.glissando-musiklager.ch\/web\/startseite\/musiklager-2022\/was-erwartet-mich\/","og_site_name":"Glissando","article_publisher":"https:\/\/www.facebook.com\/glissandolager\/","article_modified_time":"2022-01-23T15:37:02+00:00","og_image":[{"width":1024,"height":678,"url":"https:\/\/www.glissando-musiklager.ch\/web\/wp-content\/uploads\/2022\/01\/UNADJUSTEDRAW_thumb_13ad8.jpg","type":"image\/jpeg"}],"twitter_card":"summary_large_image","twitter_misc":{"Gesch\u00e4tzte Lesezeit":"1\u00a0Minute"},"schema":{"@context":"https:\/\/schema.org","@graph":[{"@type":"WebPage","@id":"https:\/\/www.glissando-musiklager.ch\/web\/startseite\/musiklager-2022\/was-erwartet-mich\/","url":"https:\/\/www.glissando-musiklager.ch\/web\/startseite\/musiklager-2022\/was-erwartet-mich\/","name":"Was erwartet mich? | Glissando","isPartOf":{"@id":"https:\/\/www.glissando-musiklager.ch\/web\/#website"},"primaryImageOfPage":{"@id":"https:\/\/www.glissando-musiklager.ch\/web\/startseite\/musiklager-2022\/was-erwartet-mich\/#primaryimage"},"image":{"@id":"https:\/\/www.glissando-musiklager.ch\/web\/startseite\/musiklager-2022\/was-erwartet-mich\/#primaryimage"},"thumbnailUrl":"https:\/\/www.glissando-musiklager.ch\/web\/wp-content\/uploads\/2022\/01\/UNADJUSTEDRAW_thumb_13ad8.jpg","datePublished":"2022-01-23T15:22:36+00:00","dateModified":"2022-01-23T15:37:02+00:00","breadcrumb":{"@id":"https:\/\/www.glissando-musiklager.ch\/web\/startseite\/musiklager-2022\/was-erwartet-mich\/#breadcrumb"},"inLanguage":"de","potentialAction":[{"@type":"ReadAction","target":["https:\/\/www.glissando-musiklager.ch\/web\/startseite\/musiklager-2022\/was-erwartet-mich\/"]}]},{"@type":"ImageObject","inLanguage":"de","@id":"https:\/\/www.glissando-musiklager.ch\/web\/startseite\/musiklager-2022\/was-erwartet-mich\/#primaryimage","url":"https:\/\/www.glissando-musiklager.ch\/web\/wp-content\/uploads\/2022\/01\/UNADJUSTEDRAW_thumb_13ad8.jpg","contentUrl":"https:\/\/www.glissando-musiklager.ch\/web\/wp-content\/uploads\/2022\/01\/UNADJUSTEDRAW_thumb_13ad8.jpg","width":1024,"height":678},{"@type":"BreadcrumbList","@id":"https:\/\/www.glissando-musiklager.ch\/web\/startseite\/musiklager-2022\/was-erwartet-mich\/#breadcrumb","itemListElement":[{"@type":"ListItem","position":1,"name":"Startseite","item":"https:\/\/www.glissando-musiklager.ch\/web\/"},{"@type":"ListItem","position":2,"name":"Glissando &#8211; Das Musiklager f\u00fcr Klein und Gross","item":"https:\/\/www.glissando-musiklager.ch\/web\/"},{"@type":"ListItem","position":3,"name":"Musiklager 2022","item":"https:\/\/www.glissando-musiklager.ch\/web\/startseite\/musiklager-2022\/"},{"@type":"ListItem","position":4,"name":"Was erwartet mich?"}]},{"@type":"WebSite","@id":"https:\/\/www.glissando-musiklager.ch\/web\/#website","url":"https:\/\/www.glissando-musiklager.ch\/web\/","name":"Glissando","description":"Das Musiklager f\u00fcr Klein und Gross","publisher":{"@id":"https:\/\/www.glissando-musiklager.ch\/web\/#organization"},"potentialAction":[{"@type":"SearchAction","target":{"@type":"EntryPoint","urlTemplate":"https:\/\/www.glissando-musiklager.ch\/web\/?s={search_term_string}"},"query-input":{"@type":"PropertyValueSpecification","valueRequired":true,"valueName":"search_term_string"}}],"inLanguage":"de"},{"@type":"Organization","@id":"https:\/\/www.glissando-musiklager.ch\/web\/#organization","name":"Glissando-Musiklager","url":"https:\/\/www.glissando-musiklager.ch\/web\/","logo":{"@type":"ImageObject","inLanguage":"de","@id":"https:\/\/www.glissando-musiklager.ch\/web\/#\/schema\/logo\/image\/","url":"https:\/\/www.glissando-musiklager.ch\/web\/wp-content\/uploads\/2018\/02\/2018-02-10-PHOTO-00000256.jpg","contentUrl":"https:\/\/www.glissando-musiklager.ch\/web\/wp-content\/uploads\/2018\/02\/2018-02-10-PHOTO-00000256.jpg","width":1600,"height":707,"caption":"Glissando-Musiklager"},"image":{"@id":"https:\/\/www.glissando-musiklager.ch\/web\/#\/schema\/logo\/image\/"},"sameAs":["https:\/\/www.facebook.com\/glissandolager\/"]}]}},"jetpack_sharing_enabled":true,"jetpack_shortlink":"https:\/\/wp.me\/P9zYGu-6x","_links":{"self":[{"href":"https:\/\/www.glissando-musiklager.ch\/web\/wp-json\/wp\/v2\/pages\/405","targetHints":{"allow":["GET"]}}],"collection":[{"href":"https:\/\/www.glissando-musiklager.ch\/web\/wp-json\/wp\/v2\/pages"}],"about":[{"href":"https:\/\/www.glissando-musiklager.ch\/web\/wp-json\/wp\/v2\/types\/page"}],"author":[{"embeddable":true,"href":"https:\/\/www.glissando-musiklager.ch\/web\/wp-json\/wp\/v2\/users\/1"}],"replies":[{"embeddable":true,"href":"https:\/\/www.glissando-musiklager.ch\/web\/wp-json\/wp\/v2\/comments?post=405"}],"version-history":[{"count":3,"href":"https:\/\/www.glissando-musiklager.ch\/web\/wp-json\/wp\/v2\/pages\/405\/revisions"}],"predecessor-version":[{"id":412,"href":"https:\/\/www.glissando-musiklager.ch\/web\/wp-json\/wp\/v2\/pages\/405\/revisions\/412"}],"up":[{"embeddable":true,"href":"https:\/\/www.glissando-musiklager.ch\/web\/wp-json\/wp\/v2\/pages\/39"}],"wp:featuredmedia":[{"embeddable":true,"href":"https:\/\/www.glissando-musiklager.ch\/web\/wp-json\/wp\/v2\/media\/411"}],"wp:attachment":[{"href":"https:\/\/www.glissando-musiklager.ch\/web\/wp-json\/wp\/v2\/media?parent=405"}],"curies":[{"name":"wp","href":"https:\/\/api.w.org\/{rel}","templated":true}]}}