{"id":64,"date":"2018-01-20T22:41:01","date_gmt":"2018-01-20T22:41:01","guid":{"rendered":"http:\/\/www.glissando-musiklager.ch\/web\/?page_id=64"},"modified":"2022-01-02T16:16:41","modified_gmt":"2022-01-02T16:16:41","slug":"wo-findet-das-lager-statt","status":"publish","type":"page","link":"https:\/\/www.glissando-musiklager.ch\/web\/startseite\/musiklager-2022\/wo-findet-das-lager-statt\/","title":{"rendered":"Wo findet das Lager statt?"},"content":{"rendered":"\n<p>Das Glissando-Musiklager 2022 findet im <a href=\"https:\/\/www.tannenheim-balmberg.ch\/\" target=\"_blank\" rel=\"noreferrer noopener\">Lagerhaus Tannenheim<\/a> auf dem Balmberg statt. <\/p>\n\n\n<p><iframe loading=\"lazy\" style=\"border: 0;\" src=\"https:\/\/www.google.com\/maps\/embed?pb=!1m14!1m8!1m3!1d8795.634719311738!2d7.5370905140852065!3d47.26219551694702!3m2!1i1024!2i768!4f13.1!3m3!1m2!1s0x4791d74155555553%3A0x8772400be7930dd2!2sTannenheim%20Balmberg!5e1!3m2!1sde!2sch!4v1641140089446!5m2!1sde!2sch\" width=\"600\" height=\"450\" allowfullscreen=\"allowfullscreen\"><\/iframe><\/p>\n\n\n<p>Wir \u00fcbernachten in 2- 5-Bett Zimmern und k\u00f6nnen keine Einzelzimmer (allenfalls Familienzimmer) anbieten.<\/p>\n\n\n\n<p>Die Hin- und R\u00fcckreise gestalten wir individuell und organisieren nach Eingang aller Anmeldungen Fahrgemeinschaften.<\/p>\n","protected":false},"excerpt":{"rendered":"<p>Das Glissando-Musiklager 2022 findet im Lagerhaus Tannenheim auf dem Balmberg statt. Wir \u00fcbernachten in 2- 5-Bett Zimmern und k\u00f6nnen keine Einzelzimmer (allenfalls Familienzimmer) anbieten. Die Hin- und R\u00fcckreise gestalten wir individuell und organisieren nach Eingang aller Anmeldungen Fahrgemeinschaften.<\/p>\n","protected":false},"author":1,"featured_media":0,"parent":39,"menu_order":0,"comment_status":"closed","ping_status":"closed","template":"","meta":{"jetpack_post_was_ever_published":false,"footnotes":""},"class_list":["post-64","page","type-page","status-publish","hentry","post-preview"],"yoast_head":"<!-- This site is optimized with the Yoast SEO plugin v24.7 - https:\/\/yoast.com\/wordpress\/plugins\/seo\/ -->\n<title>Wo findet das Lager statt? | Glissando<\/title>\n<meta name=\"robots\" content=\"index, follow, max-snippet:-1, max-image-preview:large, max-video-preview:-1\" \/>\n<link rel=\"canonical\" href=\"https:\/\/www.glissando-musiklager.ch\/web\/startseite\/musiklager-2022\/wo-findet-das-lager-statt\/\" \/>\n<meta property=\"og:locale\" content=\"de_DE\" \/>\n<meta property=\"og:type\" content=\"article\" \/>\n<meta property=\"og:title\" content=\"Wo findet das Lager statt? | Glissando\" \/>\n<meta property=\"og:description\" content=\"Das Glissando-Musiklager 2022 findet im Lagerhaus Tannenheim auf dem Balmberg statt. Wir \u00fcbernachten in 2- 5-Bett Zimmern und k\u00f6nnen keine Einzelzimmer (allenfalls Familienzimmer) anbieten. Die Hin- und R\u00fcckreise gestalten wir individuell und organisieren nach Eingang aller Anmeldungen Fahrgemeinschaften.\" \/>\n<meta property=\"og:url\" content=\"https:\/\/www.glissando-musiklager.ch\/web\/startseite\/musiklager-2022\/wo-findet-das-lager-statt\/\" \/>\n<meta property=\"og:site_name\" content=\"Glissando\" \/>\n<meta property=\"article:publisher\" content=\"https:\/\/www.facebook.com\/glissandolager\/\" \/>\n<meta property=\"article:modified_time\" content=\"2022-01-02T16:16:41+00:00\" \/>\n<meta property=\"og:image\" content=\"https:\/\/www.glissando-musiklager.ch\/web\/wp-content\/uploads\/2018\/02\/Kamera_Flo_278-1024x768.jpg\" \/>\n\t<meta property=\"og:image:width\" content=\"1024\" \/>\n\t<meta property=\"og:image:height\" content=\"768\" \/>\n\t<meta property=\"og:image:type\" content=\"image\/jpeg\" \/>\n<meta name=\"twitter:card\" content=\"summary_large_image\" \/>\n<meta name=\"twitter:label1\" content=\"Gesch\u00e4tzte Lesezeit\" \/>\n\t<meta name=\"twitter:data1\" content=\"1\u00a0Minute\" \/>\n<script type=\"application\/ld+json\" class=\"yoast-schema-graph\">{\"@context\":\"https:\/\/schema.org\",\"@graph\":[{\"@type\":\"WebPage\",\"@id\":\"https:\/\/www.glissando-musiklager.ch\/web\/startseite\/musiklager-2022\/wo-findet-das-lager-statt\/\",\"url\":\"https:\/\/www.glissando-musiklager.ch\/web\/startseite\/musiklager-2022\/wo-findet-das-lager-statt\/\",\"name\":\"Wo findet das Lager statt? | Glissando\",\"isPartOf\":{\"@id\":\"https:\/\/www.glissando-musiklager.ch\/web\/#website\"},\"datePublished\":\"2018-01-20T22:41:01+00:00\",\"dateModified\":\"2022-01-02T16:16:41+00:00\",\"breadcrumb\":{\"@id\":\"https:\/\/www.glissando-musiklager.ch\/web\/startseite\/musiklager-2022\/wo-findet-das-lager-statt\/#breadcrumb\"},\"inLanguage\":\"de\",\"potentialAction\":[{\"@type\":\"ReadAction\",\"target\":[\"https:\/\/www.glissando-musiklager.ch\/web\/startseite\/musiklager-2022\/wo-findet-das-lager-statt\/\"]}]},{\"@type\":\"BreadcrumbList\",\"@id\":\"https:\/\/www.glissando-musiklager.ch\/web\/startseite\/musiklager-2022\/wo-findet-das-lager-statt\/#breadcrumb\",\"itemListElement\":[{\"@type\":\"ListItem\",\"position\":1,\"name\":\"Startseite\",\"item\":\"https:\/\/www.glissando-musiklager.ch\/web\/\"},{\"@type\":\"ListItem\",\"position\":2,\"name\":\"Glissando &#8211; Das Musiklager f\u00fcr Klein und Gross\",\"item\":\"https:\/\/www.glissando-musiklager.ch\/web\/\"},{\"@type\":\"ListItem\",\"position\":3,\"name\":\"Musiklager 2022\",\"item\":\"https:\/\/www.glissando-musiklager.ch\/web\/startseite\/musiklager-2022\/\"},{\"@type\":\"ListItem\",\"position\":4,\"name\":\"Wo findet das Lager statt?\"}]},{\"@type\":\"WebSite\",\"@id\":\"https:\/\/www.glissando-musiklager.ch\/web\/#website\",\"url\":\"https:\/\/www.glissando-musiklager.ch\/web\/\",\"name\":\"Glissando\",\"description\":\"Das Musiklager f\u00fcr Klein und Gross\",\"publisher\":{\"@id\":\"https:\/\/www.glissando-musiklager.ch\/web\/#organization\"},\"potentialAction\":[{\"@type\":\"SearchAction\",\"target\":{\"@type\":\"EntryPoint\",\"urlTemplate\":\"https:\/\/www.glissando-musiklager.ch\/web\/?s={search_term_string}\"},\"query-input\":{\"@type\":\"PropertyValueSpecification\",\"valueRequired\":true,\"valueName\":\"search_term_string\"}}],\"inLanguage\":\"de\"},{\"@type\":\"Organization\",\"@id\":\"https:\/\/www.glissando-musiklager.ch\/web\/#organization\",\"name\":\"Glissando-Musiklager\",\"url\":\"https:\/\/www.glissando-musiklager.ch\/web\/\",\"logo\":{\"@type\":\"ImageObject\",\"inLanguage\":\"de\",\"@id\":\"https:\/\/www.glissando-musiklager.ch\/web\/#\/schema\/logo\/image\/\",\"url\":\"https:\/\/www.glissando-musiklager.ch\/web\/wp-content\/uploads\/2018\/02\/2018-02-10-PHOTO-00000256.jpg\",\"contentUrl\":\"https:\/\/www.glissando-musiklager.ch\/web\/wp-content\/uploads\/2018\/02\/2018-02-10-PHOTO-00000256.jpg\",\"width\":1600,\"height\":707,\"caption\":\"Glissando-Musiklager\"},\"image\":{\"@id\":\"https:\/\/www.glissando-musiklager.ch\/web\/#\/schema\/logo\/image\/\"},\"sameAs\":[\"https:\/\/www.facebook.com\/glissandolager\/\"]}]}<\/script>\n<!-- \/ Yoast SEO plugin. -->","yoast_head_json":{"title":"Wo findet das Lager statt? | Glissando","robots":{"index":"index","follow":"follow","max-snippet":"max-snippet:-1","max-image-preview":"max-image-preview:large","max-video-preview":"max-video-preview:-1"},"canonical":"https:\/\/www.glissando-musiklager.ch\/web\/startseite\/musiklager-2022\/wo-findet-das-lager-statt\/","og_locale":"de_DE","og_type":"article","og_title":"Wo findet das Lager statt? | Glissando","og_description":"Das Glissando-Musiklager 2022 findet im Lagerhaus Tannenheim auf dem Balmberg statt. Wir \u00fcbernachten in 2- 5-Bett Zimmern und k\u00f6nnen keine Einzelzimmer (allenfalls Familienzimmer) anbieten. Die Hin- und R\u00fcckreise gestalten wir individuell und organisieren nach Eingang aller Anmeldungen Fahrgemeinschaften.","og_url":"https:\/\/www.glissando-musiklager.ch\/web\/startseite\/musiklager-2022\/wo-findet-das-lager-statt\/","og_site_name":"Glissando","article_publisher":"https:\/\/www.facebook.com\/glissandolager\/","article_modified_time":"2022-01-02T16:16:41+00:00","og_image":[{"width":1024,"height":768,"url":"https:\/\/www.glissando-musiklager.ch\/web\/wp-content\/uploads\/2018\/02\/Kamera_Flo_278-1024x768.jpg","type":"image\/jpeg"}],"twitter_card":"summary_large_image","twitter_misc":{"Gesch\u00e4tzte Lesezeit":"1\u00a0Minute"},"schema":{"@context":"https:\/\/schema.org","@graph":[{"@type":"WebPage","@id":"https:\/\/www.glissando-musiklager.ch\/web\/startseite\/musiklager-2022\/wo-findet-das-lager-statt\/","url":"https:\/\/www.glissando-musiklager.ch\/web\/startseite\/musiklager-2022\/wo-findet-das-lager-statt\/","name":"Wo findet das Lager statt? | Glissando","isPartOf":{"@id":"https:\/\/www.glissando-musiklager.ch\/web\/#website"},"datePublished":"2018-01-20T22:41:01+00:00","dateModified":"2022-01-02T16:16:41+00:00","breadcrumb":{"@id":"https:\/\/www.glissando-musiklager.ch\/web\/startseite\/musiklager-2022\/wo-findet-das-lager-statt\/#breadcrumb"},"inLanguage":"de","potentialAction":[{"@type":"ReadAction","target":["https:\/\/www.glissando-musiklager.ch\/web\/startseite\/musiklager-2022\/wo-findet-das-lager-statt\/"]}]},{"@type":"BreadcrumbList","@id":"https:\/\/www.glissando-musiklager.ch\/web\/startseite\/musiklager-2022\/wo-findet-das-lager-statt\/#breadcrumb","itemListElement":[{"@type":"ListItem","position":1,"name":"Startseite","item":"https:\/\/www.glissando-musiklager.ch\/web\/"},{"@type":"ListItem","position":2,"name":"Glissando &#8211; Das Musiklager f\u00fcr Klein und Gross","item":"https:\/\/www.glissando-musiklager.ch\/web\/"},{"@type":"ListItem","position":3,"name":"Musiklager 2022","item":"https:\/\/www.glissando-musiklager.ch\/web\/startseite\/musiklager-2022\/"},{"@type":"ListItem","position":4,"name":"Wo findet das Lager statt?"}]},{"@type":"WebSite","@id":"https:\/\/www.glissando-musiklager.ch\/web\/#website","url":"https:\/\/www.glissando-musiklager.ch\/web\/","name":"Glissando","description":"Das Musiklager f\u00fcr Klein und Gross","publisher":{"@id":"https:\/\/www.glissando-musiklager.ch\/web\/#organization"},"potentialAction":[{"@type":"SearchAction","target":{"@type":"EntryPoint","urlTemplate":"https:\/\/www.glissando-musiklager.ch\/web\/?s={search_term_string}"},"query-input":{"@type":"PropertyValueSpecification","valueRequired":true,"valueName":"search_term_string"}}],"inLanguage":"de"},{"@type":"Organization","@id":"https:\/\/www.glissando-musiklager.ch\/web\/#organization","name":"Glissando-Musiklager","url":"https:\/\/www.glissando-musiklager.ch\/web\/","logo":{"@type":"ImageObject","inLanguage":"de","@id":"https:\/\/www.glissando-musiklager.ch\/web\/#\/schema\/logo\/image\/","url":"https:\/\/www.glissando-musiklager.ch\/web\/wp-content\/uploads\/2018\/02\/2018-02-10-PHOTO-00000256.jpg","contentUrl":"https:\/\/www.glissando-musiklager.ch\/web\/wp-content\/uploads\/2018\/02\/2018-02-10-PHOTO-00000256.jpg","width":1600,"height":707,"caption":"Glissando-Musiklager"},"image":{"@id":"https:\/\/www.glissando-musiklager.ch\/web\/#\/schema\/logo\/image\/"},"sameAs":["https:\/\/www.facebook.com\/glissandolager\/"]}]}},"jetpack_sharing_enabled":true,"jetpack_shortlink":"https:\/\/wp.me\/P9zYGu-12","_links":{"self":[{"href":"https:\/\/www.glissando-musiklager.ch\/web\/wp-json\/wp\/v2\/pages\/64","targetHints":{"allow":["GET"]}}],"collection":[{"href":"https:\/\/www.glissando-musiklager.ch\/web\/wp-json\/wp\/v2\/pages"}],"about":[{"href":"https:\/\/www.glissando-musiklager.ch\/web\/wp-json\/wp\/v2\/types\/page"}],"author":[{"embeddable":true,"href":"https:\/\/www.glissando-musiklager.ch\/web\/wp-json\/wp\/v2\/users\/1"}],"replies":[{"embeddable":true,"href":"https:\/\/www.glissando-musiklager.ch\/web\/wp-json\/wp\/v2\/comments?post=64"}],"version-history":[{"count":7,"href":"https:\/\/www.glissando-musiklager.ch\/web\/wp-json\/wp\/v2\/pages\/64\/revisions"}],"predecessor-version":[{"id":391,"href":"https:\/\/www.glissando-musiklager.ch\/web\/wp-json\/wp\/v2\/pages\/64\/revisions\/391"}],"up":[{"embeddable":true,"href":"https:\/\/www.glissando-musiklager.ch\/web\/wp-json\/wp\/v2\/pages\/39"}],"wp:attachment":[{"href":"https:\/\/www.glissando-musiklager.ch\/web\/wp-json\/wp\/v2\/media?parent=64"}],"curies":[{"name":"wp","href":"https:\/\/api.w.org\/{rel}","templated":true}]}}

<p>Das Glissando-Musiklager 2022 findet im <a href="https://www.tannenheim-balmberg.ch/" target="_blank" rel="noreferrer noopener">Lagerhaus Tannenheim</a> auf dem Balmberg statt. </p>


<p><iframe loading="lazy" style="border: 0;" src="https://www.google.com/maps/embed?pb=!1m14!1m8!1m3!1d8795.634719311738!2d7.5370905140852065!3d47.26219551694702!3m2!1i1024!2i768!4f13.1!3m3!1m2!1s0x4791d74155555553%3A0x8772400be7930dd2!2sTannenheim%20Balmberg!5e1!3m2!1sde!2sch!4v1641140089446!5m2!1sde!2sch" width="600" height="450" allowfullscreen="allowfullscreen"></iframe></p>


<p>Wir übernachten in 2- 5-Bett Zimmern und können keine Einzelzimmer (allenfalls Familienzimmer) anbieten.</p>



<p>Die Hin- und Rückreise gestalten wir individuell und organisieren nach Eingang aller Anmeldungen Fahrgemeinschaften.</p>

<p>Das Glissando-Musiklager 2022 findet im Lagerhaus Tannenheim auf dem Balmberg statt. Wir übernachten in 2- 5-Bett Zimmern und können keine Einzelzimmer (allenfalls Familienzimmer) anbieten. Die Hin- und Rückreise gestalten wir individuell und organisieren nach Eingang aller Anmeldungen Fahrgemeinschaften.</p>

<!-- This site is optimized with the Yoast SEO plugin v24.7 - https://yoast.com/wordpress/plugins/seo/ -->
<title>Wo findet das Lager statt? | Glissando</title>
<meta name="robots" content="index, follow, max-snippet:-1, max-image-preview:large, max-video-preview:-1" />
<link rel="canonical" href="https://www.glissando-musiklager.ch/web/startseite/musiklager-2022/wo-findet-das-lager-statt/" />
<meta property="og:locale" content="de_DE" />
<meta property="og:type" content="article" />
<meta property="og:title" content="Wo findet das Lager statt? | Glissando" />
<meta property="og:description" content="Das Glissando-Musiklager 2022 findet im Lagerhaus Tannenheim auf dem Balmberg statt. Wir übernachten in 2- 5-Bett Zimmern und können keine Einzelzimmer (allenfalls Familienzimmer) anbieten. Die Hin- und Rückreise gestalten wir individuell und organisieren nach Eingang aller Anmeldungen Fahrgemeinschaften." />
<meta property="og:url" content="https://www.glissando-musiklager.ch/web/startseite/musiklager-2022/wo-findet-das-lager-statt/" />
<meta property="og:site_name" content="Glissando" />
<meta property="article:publisher" content="https://www.facebook.com/glissandolager/" />
<meta property="article:modified_time" content="2022-01-02T16:16:41+00:00" />
<meta property="og:image" content="https://www.glissando-musiklager.ch/web/wp-content/uploads/2018/02/Kamera_Flo_278-1024x768.jpg" />
	<meta property="og:image:width" content="1024" />
	<meta property="og:image:height" content="768" />
	<meta property="og:image:type" content="image/jpeg" />
<meta name="twitter:card" content="summary_large_image" />
<meta name="twitter:label1" content="Geschätzte Lesezeit" />
	<meta name="twitter:data1" content="1 Minute" />
<script type="application/ld+json" class="yoast-schema-graph">{"@context":"https://schema.org","@graph":[{"@type":"WebPage","@id":"https://www.glissando-musiklager.ch/web/startseite/musiklager-2022/wo-findet-das-lager-statt/","url":"https://www.glissando-musiklager.ch/web/startseite/musiklager-2022/wo-findet-das-lager-statt/","name":"Wo findet das Lager statt? | Glissando","isPartOf":{"@id":"https://www.glissando-musiklager.ch/web/#website"},"datePublished":"2018-01-20T22:41:01+00:00","dateModified":"2022-01-02T16:16:41+00:00","breadcrumb":{"@id":"https://www.glissando-musiklager.ch/web/startseite/musiklager-2022/wo-findet-das-lager-statt/#breadcrumb"},"inLanguage":"de","potentialAction":[{"@type":"ReadAction","target":["https://www.glissando-musiklager.ch/web/startseite/musiklager-2022/wo-findet-das-lager-statt/"]}]},{"@type":"BreadcrumbList","@id":"https://www.glissando-musiklager.ch/web/startseite/musiklager-2022/wo-findet-das-lager-statt/#breadcrumb","itemListElement":[{"@type":"ListItem","position":1,"name":"Startseite","item":"https://www.glissando-musiklager.ch/web/"},{"@type":"ListItem","position":2,"name":"Glissando &#8211; Das Musiklager für Klein und Gross","item":"https://www.glissando-musiklager.ch/web/"},{"@type":"ListItem","position":3,"name":"Musiklager 2022","item":"https://www.glissando-musiklager.ch/web/startseite/musiklager-2022/"},{"@type":"ListItem","position":4,"name":"Wo findet das Lager statt?"}]},{"@type":"WebSite","@id":"https://www.glissando-musiklager.ch/web/#website","url":"https://www.glissando-musiklager.ch/web/","name":"Glissando","description":"Das Musiklager für Klein und Gross","publisher":{"@id":"https://www.glissando-musiklager.ch/web/#organization"},"potentialAction":[{"@type":"SearchAction","target":{"@type":"EntryPoint","urlTemplate":"https://www.glissando-musiklager.ch/web/?s={search_term_string}"},"query-input":{"@type":"PropertyValueSpecification","valueRequired":true,"valueName":"search_term_string"}}],"inLanguage":"de"},{"@type":"Organization","@id":"https://www.glissando-musiklager.ch/web/#organization","name":"Glissando-Musiklager","url":"https://www.glissando-musiklager.ch/web/","logo":{"@type":"ImageObject","inLanguage":"de","@id":"https://www.glissando-musiklager.ch/web/#/schema/logo/image/","url":"https://www.glissando-musiklager.ch/web/wp-content/uploads/2018/02/2018-02-10-PHOTO-00000256.jpg","contentUrl":"https://www.glissando-musiklager.ch/web/wp-content/uploads/2018/02/2018-02-10-PHOTO-00000256.jpg","width":1600,"height":707,"caption":"Glissando-Musiklager"},"image":{"@id":"https://www.glissando-musiklager.ch/web/#/schema/logo/image/"},"sameAs":["https://www.facebook.com/glissandolager/"]}]}</script>
<!-- / Yoast SEO plugin. -->

Das Glissando-Musiklager 2022 findet im Lagerhaus Tannenheim auf dem Balmberg statt. Wir übernachten in 2- 5-Bett Zimmern und können keine Einzelzimmer (allenfalls Familienzimmer) anbieten. Die Hin- und Rückreise gestalten wir individuell und organisieren nach Eingang aller Anmeldungen Fahrgemeinschaften.

Glissando &#8211; Das Musiklager für Klein und Gross

Das Musiklager für Klein und Gross
